{"id":618,"date":"2012-12-14T15:51:34","date_gmt":"2012-12-14T13:51:34","guid":{"rendered":"http:\/\/fotostudio-hanses.de\/?page_id=618"},"modified":"2022-02-25T16:52:47","modified_gmt":"2022-02-25T14:52:47","slug":"outdoor-preisen","status":"publish","type":"page","link":"https:\/\/fotostudio-hanses.de\/?page_id=618","title":{"rendered":"Outdoor- Preise"},"content":{"rendered":"<h4><a title=\"Outdoor\" href=\"http:\/\/fotostudio-hanses.de\/?page_id=630\"><img loading=\"lazy\" decoding=\"async\" class=\"alignnone size-large wp-image-620\" title=\"Studiofotos preisen 4 2\" src=\"http:\/\/fotostudio-hanses.de\/wp-content\/uploads\/2012\/12\/Studiofotos-preisen-4-21-1024x223.jpg\" alt=\"\" width=\"660\" height=\"143\" srcset=\"https:\/\/fotostudio-hanses.de\/wp-content\/uploads\/2012\/12\/Studiofotos-preisen-4-21-1024x223.jpg 1024w, https:\/\/fotostudio-hanses.de\/wp-content\/uploads\/2012\/12\/Studiofotos-preisen-4-21-300x65.jpg 300w, https:\/\/fotostudio-hanses.de\/wp-content\/uploads\/2012\/12\/Studiofotos-preisen-4-21-700x152.jpg 700w, https:\/\/fotostudio-hanses.de\/wp-content\/uploads\/2012\/12\/Studiofotos-preisen-4-21-332x72.jpg 332w, https:\/\/fotostudio-hanses.de\/wp-content\/uploads\/2012\/12\/Studiofotos-preisen-4-21.jpg 1500w\" sizes=\"auto, (max-width: 660px) 100vw, 660px\" \/><\/a><\/h4>\n<h4><\/h4>\n<h2><em>Outdoor- Fotoshooting\u00a0 \u00a0385<strong>\u00a0\u20ac\u00a0<\/strong><\/em><\/h2>\n<h5><em>Leistungen :\u00a0<\/em><\/h5>\n<h5><em>Outdoor-Fotoshooting durch professionellen Fotografen<br \/>\n<\/em><\/h5>\n<h5><em>Fahrt zur Wunsch-Location im Umkreis von 50 km um Leopoldsh\u00f6he kostenfrei,\u00a0 <\/em><\/h5>\n<h5><em>ab 50km\u00a0 Entfernung 99 Ct pro km, der Fotograf kommt auch zu Ihnen nach Hause <\/em><\/h5>\n<h5><em>Dauer : ca. 2 Stunden &#8211; 60- 120 Bilder zur Auswahl\u00a0 &#8211; Passwortgesch\u00fctzte Online &#8211; Galerie f\u00fcr 3 Tage<br \/>\n<\/em><\/h5>\n<h5><em>inkl.: 20 ausgew\u00e4hlte Fotos entwickelt im Format 13&#215;18 und die dazugeh\u00f6rigen Dateien in maximaler Aufl\u00f6sung auf CD\u00a0 &#8211;\u00a0 jede weitere Aufnahme\u00a0entwickelt\u00a0 im Format 13&#215;18\u00a0+ Datei auf CD<strong> 4,50\u20ac<\/strong><\/em><\/h5>\n<p><strong>Andere Formate und Angebote auf Anfrage!<\/strong><\/p>\n","protected":false},"excerpt":{"rendered":"<p>Outdoor- Fotoshooting\u00a0 \u00a0385\u00a0\u20ac\u00a0 Leistungen :\u00a0 Outdoor-Fotoshooting durch professionellen Fotografen Fahrt zur Wunsch-Location im Umkreis von 50 km um Leopoldsh\u00f6he kostenfrei,\u00a0 ab 50km\u00a0 Entfernung 99 Ct pro km, der Fotograf kommt auch zu Ihnen nach Hause Dauer : ca. 2 Stunden &#8211; 60- 120 Bilder zur Auswahl\u00a0 &#8211; Passwortgesch\u00fctzte Online &#8211; &#8230;<\/p>\n","protected":false},"author":2,"featured_media":0,"parent":0,"menu_order":0,"comment_status":"closed","ping_status":"closed","template":"template-full-width.php","meta":{"ngg_post_thumbnail":0,"footnotes":""},"class_list":["post-618","page","type-page","status-publish","hentry","column","twocol"],"_links":{"self":[{"href":"https:\/\/fotostudio-hanses.de\/index.php?rest_route=\/wp\/v2\/pages\/618","targetHints":{"allow":["GET"]}}],"collection":[{"href":"https:\/\/fotostudio-hanses.de\/index.php?rest_route=\/wp\/v2\/pages"}],"about":[{"href":"https:\/\/fotostudio-hanses.de\/index.php?rest_route=\/wp\/v2\/types\/page"}],"author":[{"embeddable":true,"href":"https:\/\/fotostudio-hanses.de\/index.php?rest_route=\/wp\/v2\/users\/2"}],"replies":[{"embeddable":true,"href":"https:\/\/fotostudio-hanses.de\/index.php?rest_route=%2Fwp%2Fv2%2Fcomments&post=618"}],"version-history":[{"count":13,"href":"https:\/\/fotostudio-hanses.de\/index.php?rest_route=\/wp\/v2\/pages\/618\/revisions"}],"predecessor-version":[{"id":976,"href":"https:\/\/fotostudio-hanses.de\/index.php?rest_route=\/wp\/v2\/pages\/618\/revisions\/976"}],"wp:attachment":[{"href":"https:\/\/fotostudio-hanses.de\/index.php?rest_route=%2Fwp%2Fv2%2Fmedia&parent=618"}],"curies":[{"name":"wp","href":"https:\/\/api.w.org\/{rel}","templated":true}]}}